(-4) - 1/(-4). What is the tens digit of c(k)?
1
Suppose u + 100 = 5*b, 3*u = -u. Suppose 0 = 3*p + 2*p - b. What is the units digit of p?
4
Suppose 0 = 3*m - 4*u + 22 - 58, 4*m - 79 = -5*u. What is the units digit of m?
6
Suppose -16*g + 3 = -15*g. What is the units digit of g?
3
Let j be (-4)/(4*-1)*7. Suppose -140 = 2*h - j*h. What is the tens digit of h?
2
Suppose 9*p - 721 = 2*p. What is the tens digit of p?
0
Let d be 1 + (2 - 7) - -1. Let a be 2/(-6) + (-49)/d. Let w = -9 + a. What is the units digit of w?
7
Let o = 330 - 106. What is the units digit of o?
4
Suppose -5 = -2*l + l. Let t = l - -1. What is the units digit of t?
6
Suppose -5*d = 3*i + i - 784, -d = -5*i - 151. Let o be (d/18)/((-4)/30). What is the units digit of o/(-15) + (-2)/6?
4
Let g(y) = y + 1. Let o be g(1). Let w(p) = -4 + p**3 - 5*p + p**o - 4*p**2 - 2*p**2. What is the units digit of w(6)?
2
Let r(n) = 4*n - 3. What is the tens digit of r(15)?
5
Suppose -2*a - 6 = -26. Suppose 6*u - u = -l + 78, 0 = -5*l - a. What is the units digit of u?
6
Suppose 0 = -5*k - 0 - 10. What is the units digit of (11 + -6)*k/(-10)?
1
Let q = -56 - -93. Let d = -25 + q. What is the units digit of d?
2
Let j(c) be the third derivative of c**9/60480 + c**5/20 + 2*c**2. Let t(a) be the third derivative of j(a). What is the units digit of t(1)?
1
Suppose 81 = 3*i - 21. What is the tens digit of i?
3
Let h = 39 + -27. Let c = -1 + h. What is the units digit of c?
1
Let k be (-39)/(-15) + 6/15. Suppose 5*q = -k*l + 46, 3*q + 0*l + l = 30. What is the tens digit of q?
1
Let x be (-54)/(-10) - 6/15. Suppose x*q + 5 = -2*w + 3*w, 4*q + 20 = 4*w. Suppose q*y - 4 = -y. What is the units digit of y?
4
Let g(v) = v**3 + 9*v**2 + 6*v + 11. Suppose -1 + 33 = -4*z. Let l be g(z). Suppose -6*r + l = -3*r. What is the units digit of r?
9
Let i(f) = f**2 + 6*f + 4. What is the tens digit of i(11)?
9
Let v be (-3)/9*-3*-4. Let h(i) = 2*i**2 + 3*i - 1. What is the tens digit of h(v)?
1
Let h = 22 + 9. What is the tens digit of h?
3
Let r be 21/(-6) - (-2)/4. What is the tens digit of r/18 - 327/(-18)?
1
Let g = -151 + 404. What is the units digit of g?
3
Let a(d) = d + 4. Let g(r) = 1. Let v(p) = -a(p) + 3*g(p). What is the units digit of v(-5)?
4
Suppose 6*j - 212 - 688 = 0. What is the units digit of j?
0
Suppose -51 = 3*g + 12. Let o = -12 - g. What is the units digit of o?
9
Let y be (-5 + 4)/(1/1). Let k be (0 + y + -25)*-2. Suppose -k = -4*h + 7*i - 3*i, 0 = h + 3*i - 17. What is the tens digit of h?
1
Let c(h) = -h**2 + 23*h + 27. What is the tens digit of c(18)?
1
What is the units digit of (2 - (1 - -4))/(-1)?
3
Let l(b) be the second derivative of b**4/6 - 4*b**3/3 + 3*b**2/2 - 3*b. What is the units digit of l(5)?
3
Suppose -2*k = w - 188, 0 = w - 2*k - 58 - 110. What is the hundreds digit of w?
1
Suppose -1 = -o, 2*t - 4*o - o - 71 = 0. Suppose 4*b + 3*d = 2*b + t, 3*d + 137 = 5*b. Suppose 5*i - b = -0*i. What is the units digit of i?
5
Let g be 0/((-2 - -1) + 2). Suppose 17 = i + 4*u, g = u + u - 8. What is the units digit of ((0 - -1) + 8)/i?
9
Suppose -3*k - 2 = -8. Suppose k*a = 6*a - 28. What is the units digit of a?
7
Suppose 15 = 3*u, -t - 3*u = 2*u - 48. What is the tens digit of t?
2
Let y = -153 + 290. What is the hundreds digit of y?
1
Suppose 0 = -4*d + 6*d - 14. What is the units digit of d?
7
Let r = 6 + -6. Suppose 20 = -4*n - r*n. Let a = n + 16. What is the tens digit of a?
1
Suppose -528 = -2*b + 3*x - 133, 2*x = b - 198. What is the tens digit of b?
9
Let i = 7 + 34. What is the tens digit of i?
4
What is the units digit of (-80)/(-35) + 6/(-21)?
2
Let i = 23 + -18. Suppose -i*p + 44 = -0*p + 4*n, 0 = -5*n + 5. What is the units digit of p?
8
Let s(p) = p**3 + 15*p**2 - 2*p - 6. Suppose 5*g + 55 = -4*c, -2*c + 2*g - 77 = 3*c. What is the tens digit of s(c)?
2
Let u(k) = -4*k**3 - k**2. Let q be u(-1). Suppose 3*a + 5*t = 16, 3*a + q*t - 4 = 4*t. Suppose 2 = a*h - 4. What is the units digit of h?
3
What is the tens digit of -36*(-15)/(-9)*9/(-6)?
9
Suppose -6*f + 2*f = -336. What is the tens digit of f?
8
Let a be (-1)/(22/8 + -3). Suppose -5*p + a*p = -3*z + 26, 2*p = z - 17. What is the units digit of z?
7
Suppose 0 = 2*x - 3*o + 23, 7*x - o + 45 = 4*x. Let c = x + 30. What is the units digit of c?
4
What is the hundreds digit of (14 - 19)*(1 + -42)?
2
Let g be (-6)/(4/((-32)/3)). Suppose -g = -n - 3. Let m = n - 7. What is the units digit of m?
6
Let c be -16 - ((-4)/(-4) - -2). Let u(l) = -32*l**3 - 1. Let f be u(-1). Let r = c + f. What is the tens digit of r?
1
Suppose -3*x + x + 204 = 0. What is the tens digit of x?
0
Suppose 4*k - 2*n - 2 = 6, 3*k - 11 = -n. Suppose -c + 8 = k. What is the units digit of c?
5
Suppose 5*b = g - 3*g + 171, 5*g - 450 = -5*b. What is the units digit of g?
3
What is the tens digit of ((-9)/27)/(1/(-93))?
3
Let p be 34 + -3 + 0 + 1. Suppose -22 = 4*s + 50. Let k = p + s. What is the tens digit of k?
1
Suppose 15 = 5*d + 5*i, -i + 2*i = 4*d - 7. Suppose 20 - d = u - 4*j, -2*j - 100 = -4*u. Let l = 37 - u. What is the units digit of l?
1
Suppose 3*f = 2*q + 160 + 55, -2*f + 165 = 3*q. What is the tens digit of f?
7
What is the tens digit of (2/4 - -1)*(10 - -8)?
2
Suppose -3*i + 366 + 349 = 4*f, 2*i = 2. What is the hundreds digit of f?
1
Let d(y) = -y**3 + 8*y**2 + 8*y + 14. What is the units digit of d(9)?
5
Let o = 3 + -3. Suppose z + o = 13. What is the tens digit of z?
1
Let z = -40 + 89. Let s be 14/(-4)*(-84)/z. Let o = 20 - s. What is the units digit of o?
4
Let m = 4 - 2. Suppose 0 = m*z - 7*z + 85. What is the units digit of z?
7
Let f(d) = d**3 + 12*d**2 + 9*d - 14. What is the units digit of f(-10)?
6
Let f = -366 + 550. What is the tens digit of f?
8
What is the tens digit of 6/45 + (-2156)/(-30)?
7
Suppose -2*o = -5*o + 36. Let w = o + 3. What is the units digit of w?
5
Suppose -s - 4*s + 5 = 0. Suppose 0 = 3*r + 2*c - c - 6, -r + 2 = -2*c. Suppose -2*o - 1 = -2*n - 3, 0 = r*o - 3*n - s. What is the units digit of o?
2
Suppose h = -2*b - 5, 6*h + 4*b = 2*h - 12. What is the units digit of -3 + h*4*-3?
9
Let u = -272 + 490. What is the tens digit of u?
1
Let s be 4 + -2*(-1)/(-2). Suppose -4*q = s*l - 22, q - 5*q = l - 10. What is the units digit of l?
6
Let z be ((-5)/3)/(5/(-15)). Suppose z*o = -0*o - 10, -2*p = 4*o. Let x = p - -1. What is the units digit of x?
5
Let v = -4 + 8. Let u be ((-1)/2)/((-2)/(-4)). Let i = v - u. What is the units digit of i?
5
Suppose -4 = -0*m - 2*m. Let d be (-5)/((-10)/(-4)) - -7. Let r = d + m. What is the units digit of r?
7
What is the tens digit of ((-555)/(-9))/5*3?
3
Let q = 311 - 156. What is the hundreds digit of q?
1
Let o(i) = 8*i**3 - 7*i**2 - 2*i + 7. Let m(h) = 7*h**3 - 7*h**2 - h + 7. Let q(b) = 7*m(b) - 6*o(b). What is the units digit of q(6)?
1
Let l = -6 + 12. Let n = 11 - l. Suppose 3*r - 7*r - 27 = -n*s, -4*s + r = -26. What is the units digit of s?
7
Suppose 0 = -v + 1 + 1. Let t = v + 2. What is the units digit of t?
4
Let t(a) = -a**3 + 6*a**2 - 8*a + 9. Let s be t(6). What is the units digit of 8/52 - 2217/s?
7
Let r = -5 - -2. Let i = 1 + r. What is the units digit of (-31)/(-3) + i/6?
0
Let b be ((-126)/35)/(4/(-10)). Let i = 7 + b. What is the tens digit of i?
1
Suppose 3*z + 6*r - 3*r - 132 = 0, 5*z + 2*r = 208. What is the tens digit of z?
4
Suppose -w = -4*w. Suppose w = o - 5*t + 12, -12 = -4*o + t + 4*t. What is the units digit of o?
8
Let a(u) = -u**2 - 12*u. What is the tens digit of a(-11)?
1
Suppose -5*s = -n + 26, 0*n + 2*s - 4 = -2*n. Let l = 5 - n. What is the units digit of l*(-3)/(9/21)?
7
Suppose -i - 2*i = 3*k - 18, k = 1. Let y(a) = a**3 - 5*a**2 + 2*a + 6. What is the units digit of y(i)?
6
Suppose -4*j + 64 = 4*y, 0 = -y - 2*j - 14 + 35. Suppose x + y = w - 0*x, 2*x + 6 = 0. What is the units digit of w?
8
Let n(l) = -3*l + 3. Let y(d) = -4*d + 2. Let z be 30/2*(-6)/(-18). Let h(s) = z*n(s) - 4*y(s). What is the units digit of h(0)?
7
Let i = 50 - 17. What is the tens digit of i?
3
Let j(l) = -l + 4*l**3 - l**2 - 5*l**3 + 1 - 3*l**2. What is the units digit of j(-4)?
5
Suppose -3*u + 5*f = -106, 0*u - u + 36 = -2*f. What is the units digit of u?
2
Let y = -20 + 41. What is the units digit of y?
1
Let v(c) be the third derivative of c**2 + 0*c + 